{"id":500,"date":"2021-08-18T16:02:21","date_gmt":"2021-08-18T16:02:21","guid":{"rendered":"https:\/\/angelgarcia.com.ar\/inicio\/?page_id=500"},"modified":"2022-06-25T18:22:59","modified_gmt":"2022-06-25T18:22:59","slug":"sobre-mi","status":"publish","type":"page","link":"https:\/\/angelgarcia.com.ar\/inicio\/sobre-mi\/","title":{"rendered":"SOBRE M\u00cd"},"content":{"rendered":"\n<h1 class=\"has-text-align-center has-text-color wp-block-heading\" style=\"color:#143f58\">SOBRE M\u00cd<\/h1>\n\n\n\n<p>Soy \u00c1ngel Domingo Garc\u00eda, vivo en Quilmes desde que nac\u00ed hace 58 a\u00f1os, tengo dos hijas Mar\u00eda Eva y Mar\u00eda Victoria. Soy bachiller en letras y t\u00e9cnico radi\u00f3logo y un entusiasta del periodismo y la comunicaci\u00f3n.<\/p>\n\n\n\n<p>Actualmente me desempe\u00f1o como Defensor Adjunto de Ambiente y Asociaciones Civiles en la Defensor\u00eda del Pueblo Bonaerense.<\/p>\n\n\n\n<p>Hasta junio de 2022, durante 30 meses, fui secretario de Servicios P\u00fablicos en el Municipio de Quilmes, tras solicitar licencia en el Concejo Deliberante.<\/p>\n\n\n\n<p>Fui concejal electo en 2015 en las listas del Frente para la Victoria, ocupando el 4\u00b0 lugar, espacio que me correspondi\u00f3 por haber integrado la lista que propon\u00eda a Daniel Gurzi como candidato a intendente en las internas; y reelegido en 2019 por el Frente de TODOS junto a la intendenta Mayra Mendoza.<\/p>\n\n\n\n<p>Comenc\u00e9 a militar en el Peronismo en 1983 con el retorno de la democracia, particip\u00e9 en la mayor\u00eda de los gobiernos peronistas en Quilmes, ocupando diferentes roles: Con Eduardo Cama\u00f1o fui coordinador en Desarrollo Social por menos de un a\u00f1o; con An\u00edbal Fern\u00e1ndez fui Director de Difusi\u00f3n durante 18 meses y luego dos a\u00f1os Director de Prensa del HCD con Roberto Morguen como Presidente; con Federico Scarabino fui Secretario Privado los dos primeros a\u00f1os de gesti\u00f3n y los dos siguientes estuve al frente de la Delegaci\u00f3n Municipal de Quilmes Este, que acababa de formarse; con Sergio Villordo fui Subsecretario de Descentralizaci\u00f3n y luego tuve varias \u00e1reas a cargo: Desarrollo Social y Viviendas, Servicios P\u00fablicos, coordinador del Hospital Oller y finalmente Secretario de Fiscalizaci\u00f3n.<\/p>\n\n\n\n<p>Adem\u00e1s, en 1997 -con 33 a\u00f1os fui electo concejal-, cargo que ocupe entre 1999 y 2001 desde la oposici\u00f3n en la gesti\u00f3n de Fernando Geron\u00e9s. Asimismo, fui integrante del Consejo del Partido Justicialista de Quilmes entre 2004 y 2008. Y en este 2022, encabece la lista de congresales provinciales por Quilmes del Partido Justicialista.<\/p>\n\n\n\n<p>En este 2022 encabece la lista de congresales provinciales por Quilmes del PARTIDO JUSTICIALISTA<\/p>\n\n\n\n<p>Tambi\u00e9n he participado en diferentes instituciones como la Sociedad de Fomento Viejobueno de Quilmes Oeste, el Foro para el Desarrollo Social, la Asociaci\u00f3n Civil Quilmes de Pi\u00e9, la Asociaci\u00f3n de T\u00e9cnicos Radi\u00f3logos y el Quilmes Atl\u00e9tico Club.<\/p>\n\n\n\n<p>Hoy, a poco de haber comenzado una nueva etapa, tengo la certeza que pondr\u00e9 todo mi esfuerzo para poder llevar adelante este desaf\u00edo en pos de todos los habitantes de la provincia de Buenos Aires.<\/p>\n\n\n\n<div class=\"wp-block-columns is-layout-flex wp-container-core-columns-is-layout-9d6595d7 wp-block-columns-is-layout-flex\">\n<div class=\"wp-block-column is-layout-flow wp-block-column-is-layout-flow\">\n<ul class=\"wp-block-social-links aligncenter is-layout-flex wp-block-social-links-is-layout-flex\"><\/ul>\n<\/div>\n\n\n\n<div class=\"wp-block-column is-layout-flow wp-block-column-is-layout-flow\"><\/div>\n\n\n\n<div class=\"wp-block-column is-layout-flow wp-block-column-is-layout-flow\"><\/div>\n<\/div>\n","protected":false},"excerpt":{"rendered":"<p>SOBRE M\u00cd Soy \u00c1ngel Domingo Garc\u00eda, vivo en Quilmes desde que nac\u00ed hace 58 a\u00f1os, tengo dos hijas Mar\u00eda Eva y Mar\u00eda Victoria. Soy bachiller en letras y t\u00e9cnico radi\u00f3logo y un entusiasta del periodismo y la comunicaci\u00f3n. Actualmente me desempe\u00f1o como Defensor Adjunto de Ambiente y Asociaciones Civiles en la Defensor\u00eda del Pueblo Bonaerense. [&hellip;]<\/p>\n","protected":false},"author":1,"featured_media":1182,"parent":0,"menu_order":0,"comment_status":"closed","ping_status":"closed","template":"","meta":{"footnotes":""},"class_list":["post-500","page","type-page","status-publish","has-post-thumbnail","hentry"],"yoast_head":"<!-- This site is optimized with the Yoast SEO plugin v27.4 - https:\/\/yoast.com\/product\/yoast-seo-wordpress\/ -->\n<title>SOBRE M\u00cd -<\/title>\n<meta name=\"robots\" content=\"index, follow, max-snippet:-1, max-image-preview:large, max-video-preview:-1\" \/>\n<link rel=\"canonical\" href=\"https:\/\/angelgarcia.com.ar\/inicio\/sobre-mi\/\" \/>\n<meta property=\"og:locale\" content=\"es_ES\" \/>\n<meta property=\"og:type\" content=\"article\" \/>\n<meta property=\"og:title\" content=\"SOBRE M\u00cd -\" \/>\n<meta property=\"og:description\" content=\"SOBRE M\u00cd Soy \u00c1ngel Domingo Garc\u00eda, vivo en Quilmes desde que nac\u00ed hace 58 a\u00f1os, tengo dos hijas Mar\u00eda Eva y Mar\u00eda Victoria. Soy bachiller en letras y t\u00e9cnico radi\u00f3logo y un entusiasta del periodismo y la comunicaci\u00f3n. Actualmente me desempe\u00f1o como Defensor Adjunto de Ambiente y Asociaciones Civiles en la Defensor\u00eda del Pueblo Bonaerense. [&hellip;]\" \/>\n<meta property=\"og:url\" content=\"https:\/\/angelgarcia.com.ar\/inicio\/sobre-mi\/\" \/>\n<meta property=\"article:publisher\" content=\"https:\/\/www.facebook.com\/profile.php?id=100000035097426\" \/>\n<meta property=\"article:modified_time\" content=\"2022-06-25T18:22:59+00:00\" \/>\n<meta property=\"og:image\" content=\"https:\/\/angelgarcia.com.ar\/inicio\/wp-content\/uploads\/2022\/06\/angel-sobre-mi.jpg\" \/>\n\t<meta property=\"og:image:width\" content=\"1134\" \/>\n\t<meta property=\"og:image:height\" content=\"836\" \/>\n\t<meta property=\"og:image:type\" content=\"image\/jpeg\" \/>\n<meta name=\"twitter:card\" content=\"summary_large_image\" \/>\n<meta name=\"twitter:site\" content=\"@garciaangeld\" \/>\n<meta name=\"twitter:label1\" content=\"Tiempo de lectura\" \/>\n\t<meta name=\"twitter:data1\" content=\"2 minutos\" \/>\n<script type=\"application\/ld+json\" class=\"yoast-schema-graph\">{\"@context\":\"https:\\\/\\\/schema.org\",\"@graph\":[{\"@type\":\"WebPage\",\"@id\":\"https:\\\/\\\/angelgarcia.com.ar\\\/inicio\\\/sobre-mi\\\/\",\"url\":\"https:\\\/\\\/angelgarcia.com.ar\\\/inicio\\\/sobre-mi\\\/\",\"name\":\"SOBRE M\u00cd -\",\"isPartOf\":{\"@id\":\"https:\\\/\\\/angelgarcia.com.ar\\\/inicio\\\/#website\"},\"primaryImageOfPage\":{\"@id\":\"https:\\\/\\\/angelgarcia.com.ar\\\/inicio\\\/sobre-mi\\\/#primaryimage\"},\"image\":{\"@id\":\"https:\\\/\\\/angelgarcia.com.ar\\\/inicio\\\/sobre-mi\\\/#primaryimage\"},\"thumbnailUrl\":\"https:\\\/\\\/angelgarcia.com.ar\\\/inicio\\\/wp-content\\\/uploads\\\/2022\\\/06\\\/angel-sobre-mi.jpg\",\"datePublished\":\"2021-08-18T16:02:21+00:00\",\"dateModified\":\"2022-06-25T18:22:59+00:00\",\"breadcrumb\":{\"@id\":\"https:\\\/\\\/angelgarcia.com.ar\\\/inicio\\\/sobre-mi\\\/#breadcrumb\"},\"inLanguage\":\"es\",\"potentialAction\":[{\"@type\":\"ReadAction\",\"target\":[\"https:\\\/\\\/angelgarcia.com.ar\\\/inicio\\\/sobre-mi\\\/\"]}]},{\"@type\":\"ImageObject\",\"inLanguage\":\"es\",\"@id\":\"https:\\\/\\\/angelgarcia.com.ar\\\/inicio\\\/sobre-mi\\\/#primaryimage\",\"url\":\"https:\\\/\\\/angelgarcia.com.ar\\\/inicio\\\/wp-content\\\/uploads\\\/2022\\\/06\\\/angel-sobre-mi.jpg\",\"contentUrl\":\"https:\\\/\\\/angelgarcia.com.ar\\\/inicio\\\/wp-content\\\/uploads\\\/2022\\\/06\\\/angel-sobre-mi.jpg\",\"width\":1134,\"height\":836},{\"@type\":\"BreadcrumbList\",\"@id\":\"https:\\\/\\\/angelgarcia.com.ar\\\/inicio\\\/sobre-mi\\\/#breadcrumb\",\"itemListElement\":[{\"@type\":\"ListItem\",\"position\":1,\"name\":\"Portada\",\"item\":\"https:\\\/\\\/angelgarcia.com.ar\\\/inicio\\\/\"},{\"@type\":\"ListItem\",\"position\":2,\"name\":\"SOBRE M\u00cd\"}]},{\"@type\":\"WebSite\",\"@id\":\"https:\\\/\\\/angelgarcia.com.ar\\\/inicio\\\/#website\",\"url\":\"https:\\\/\\\/angelgarcia.com.ar\\\/inicio\\\/\",\"name\":\"\",\"description\":\"\",\"potentialAction\":[{\"@type\":\"SearchAction\",\"target\":{\"@type\":\"EntryPoint\",\"urlTemplate\":\"https:\\\/\\\/angelgarcia.com.ar\\\/inicio\\\/?s={search_term_string}\"},\"query-input\":{\"@type\":\"PropertyValueSpecification\",\"valueRequired\":true,\"valueName\":\"search_term_string\"}}],\"inLanguage\":\"es\"}]}<\/script>\n<!-- \/ Yoast SEO plugin. -->","yoast_head_json":{"title":"SOBRE M\u00cd -","robots":{"index":"index","follow":"follow","max-snippet":"max-snippet:-1","max-image-preview":"max-image-preview:large","max-video-preview":"max-video-preview:-1"},"canonical":"https:\/\/angelgarcia.com.ar\/inicio\/sobre-mi\/","og_locale":"es_ES","og_type":"article","og_title":"SOBRE M\u00cd -","og_description":"SOBRE M\u00cd Soy \u00c1ngel Domingo Garc\u00eda, vivo en Quilmes desde que nac\u00ed hace 58 a\u00f1os, tengo dos hijas Mar\u00eda Eva y Mar\u00eda Victoria. Soy bachiller en letras y t\u00e9cnico radi\u00f3logo y un entusiasta del periodismo y la comunicaci\u00f3n. Actualmente me desempe\u00f1o como Defensor Adjunto de Ambiente y Asociaciones Civiles en la Defensor\u00eda del Pueblo Bonaerense. [&hellip;]","og_url":"https:\/\/angelgarcia.com.ar\/inicio\/sobre-mi\/","article_publisher":"https:\/\/www.facebook.com\/profile.php?id=100000035097426","article_modified_time":"2022-06-25T18:22:59+00:00","og_image":[{"width":1134,"height":836,"url":"https:\/\/angelgarcia.com.ar\/inicio\/wp-content\/uploads\/2022\/06\/angel-sobre-mi.jpg","type":"image\/jpeg"}],"twitter_card":"summary_large_image","twitter_site":"@garciaangeld","twitter_misc":{"Tiempo de lectura":"2 minutos"},"schema":{"@context":"https:\/\/schema.org","@graph":[{"@type":"WebPage","@id":"https:\/\/angelgarcia.com.ar\/inicio\/sobre-mi\/","url":"https:\/\/angelgarcia.com.ar\/inicio\/sobre-mi\/","name":"SOBRE M\u00cd -","isPartOf":{"@id":"https:\/\/angelgarcia.com.ar\/inicio\/#website"},"primaryImageOfPage":{"@id":"https:\/\/angelgarcia.com.ar\/inicio\/sobre-mi\/#primaryimage"},"image":{"@id":"https:\/\/angelgarcia.com.ar\/inicio\/sobre-mi\/#primaryimage"},"thumbnailUrl":"https:\/\/angelgarcia.com.ar\/inicio\/wp-content\/uploads\/2022\/06\/angel-sobre-mi.jpg","datePublished":"2021-08-18T16:02:21+00:00","dateModified":"2022-06-25T18:22:59+00:00","breadcrumb":{"@id":"https:\/\/angelgarcia.com.ar\/inicio\/sobre-mi\/#breadcrumb"},"inLanguage":"es","potentialAction":[{"@type":"ReadAction","target":["https:\/\/angelgarcia.com.ar\/inicio\/sobre-mi\/"]}]},{"@type":"ImageObject","inLanguage":"es","@id":"https:\/\/angelgarcia.com.ar\/inicio\/sobre-mi\/#primaryimage","url":"https:\/\/angelgarcia.com.ar\/inicio\/wp-content\/uploads\/2022\/06\/angel-sobre-mi.jpg","contentUrl":"https:\/\/angelgarcia.com.ar\/inicio\/wp-content\/uploads\/2022\/06\/angel-sobre-mi.jpg","width":1134,"height":836},{"@type":"BreadcrumbList","@id":"https:\/\/angelgarcia.com.ar\/inicio\/sobre-mi\/#breadcrumb","itemListElement":[{"@type":"ListItem","position":1,"name":"Portada","item":"https:\/\/angelgarcia.com.ar\/inicio\/"},{"@type":"ListItem","position":2,"name":"SOBRE M\u00cd"}]},{"@type":"WebSite","@id":"https:\/\/angelgarcia.com.ar\/inicio\/#website","url":"https:\/\/angelgarcia.com.ar\/inicio\/","name":"","description":"","potentialAction":[{"@type":"SearchAction","target":{"@type":"EntryPoint","urlTemplate":"https:\/\/angelgarcia.com.ar\/inicio\/?s={search_term_string}"},"query-input":{"@type":"PropertyValueSpecification","valueRequired":true,"valueName":"search_term_string"}}],"inLanguage":"es"}]}},"_links":{"self":[{"href":"https:\/\/angelgarcia.com.ar\/inicio\/wp-json\/wp\/v2\/pages\/500","targetHints":{"allow":["GET"]}}],"collection":[{"href":"https:\/\/angelgarcia.com.ar\/inicio\/wp-json\/wp\/v2\/pages"}],"about":[{"href":"https:\/\/angelgarcia.com.ar\/inicio\/wp-json\/wp\/v2\/types\/page"}],"author":[{"embeddable":true,"href":"https:\/\/angelgarcia.com.ar\/inicio\/wp-json\/wp\/v2\/users\/1"}],"replies":[{"embeddable":true,"href":"https:\/\/angelgarcia.com.ar\/inicio\/wp-json\/wp\/v2\/comments?post=500"}],"version-history":[{"count":7,"href":"https:\/\/angelgarcia.com.ar\/inicio\/wp-json\/wp\/v2\/pages\/500\/revisions"}],"predecessor-version":[{"id":1250,"href":"https:\/\/angelgarcia.com.ar\/inicio\/wp-json\/wp\/v2\/pages\/500\/revisions\/1250"}],"wp:featuredmedia":[{"embeddable":true,"href":"https:\/\/angelgarcia.com.ar\/inicio\/wp-json\/wp\/v2\/media\/1182"}],"wp:attachment":[{"href":"https:\/\/angelgarcia.com.ar\/inicio\/wp-json\/wp\/v2\/media?parent=500"}],"curies":[{"name":"wp","href":"https:\/\/api.w.org\/{rel}","templated":true}]}}